[INFO] fetching crate serde-xml-rs2 0.3.0...
[INFO] checking serde-xml-rs2-0.3.0 against master#cfbc6d4cf1acbac5c025acf8ed68929caa551df3 for pr-75494-beta
[INFO] extracting crate serde-xml-rs2 0.3.0 into /workspace/builds/worker-1/source
[INFO] validating manifest of crates.io crate serde-xml-rs2 0.3.0 on toolchain cfbc6d4cf1acbac5c025acf8ed68929caa551df3
[INFO] running `Command { std: "/workspace/cargo-home/bin/cargo" "+cfbc6d4cf1acbac5c025acf8ed68929caa551df3" "read-manifest" "--manifest-path" "Cargo.toml", kill_on_drop: false }`
[INFO] started tweaking crates.io crate serde-xml-rs2 0.3.0
[INFO] finished tweaking crates.io crate serde-xml-rs2 0.3.0
[INFO] tweaked toml for crates.io crate serde-xml-rs2 0.3.0 written to /workspace/builds/worker-1/source/Cargo.toml
[INFO] running `Command { std: "/workspace/cargo-home/bin/cargo" "+cfbc6d4cf1acbac5c025acf8ed68929caa551df3" "generate-lockfile" "--manifest-path" "Cargo.toml" "-Zno-index-update", kill_on_drop: false }`
[INFO] running `Command { std: "/workspace/cargo-home/bin/cargo" "+cfbc6d4cf1acbac5c025acf8ed68929caa551df3" "fetch" "--locked" "--manifest-path" "Cargo.toml", kill_on_drop: false }`
[INFO] [stderr]  Downloading crates ...
[INFO] [stderr]   Downloaded xml-rs v0.4.1
[INFO] [stderr]   Downloaded xmltree v0.4.0
[INFO] running `Command { std: "docker" "create" "-v" "/var/lib/crater-agent-workspace/builds/worker-1/target:/opt/rustwide/target:rw,Z" "-v" "/var/lib/crater-agent-workspace/builds/worker-1/source:/opt/rustwide/workdir:ro,Z" "-v" "/var/lib/crater-agent-workspace/cargo-home:/opt/rustwide/cargo-home:ro,Z" "-v" "/var/lib/crater-agent-workspace/rustup-home:/opt/rustwide/rustup-home:ro,Z" "-e" "SOURCE_DIR=/opt/rustwide/workdir" "-e" "CARGO_TARGET_DIR=/opt/rustwide/target" "-e" "CARGO_HOME=/opt/rustwide/cargo-home" "-e" "RUSTUP_HOME=/opt/rustwide/rustup-home" "-w" "/opt/rustwide/workdir" "-m" "1610612736" "--user" "0:0" "--network" "none" "rustops/crates-build-env@sha256:a636fd89d022f18117e1dc8fb37a0a009933cdbbe082814857f0e2024962d47c" "/opt/rustwide/cargo-home/bin/cargo" "+cfbc6d4cf1acbac5c025acf8ed68929caa551df3" "metadata" "--no-deps" "--format-version=1", kill_on_drop: false }`
[INFO] [stdout] 17a1aef8719d1f41f9395271d92d9b649ef804936bc83ede3eaf8dad54715ea5
[INFO] [stderr] WARNING: Your kernel does not support swap limit capabilities or the cgroup is not mounted. Memory limited without swap.
[INFO] running `Command { std: "docker" "start" "-a" "17a1aef8719d1f41f9395271d92d9b649ef804936bc83ede3eaf8dad54715ea5", kill_on_drop: false }`
[INFO] running `Command { std: "docker" "inspect" "17a1aef8719d1f41f9395271d92d9b649ef804936bc83ede3eaf8dad54715ea5", kill_on_drop: false }`
[INFO] running `Command { std: "docker" "rm" "-f" "17a1aef8719d1f41f9395271d92d9b649ef804936bc83ede3eaf8dad54715ea5", kill_on_drop: false }`
[INFO] [stdout] 17a1aef8719d1f41f9395271d92d9b649ef804936bc83ede3eaf8dad54715ea5
[INFO] running `Command { std: "docker" "create" "-v" "/var/lib/crater-agent-workspace/builds/worker-1/target:/opt/rustwide/target:rw,Z" "-v" "/var/lib/crater-agent-workspace/builds/worker-1/source:/opt/rustwide/workdir:ro,Z" "-v" "/var/lib/crater-agent-workspace/cargo-home:/opt/rustwide/cargo-home:ro,Z" "-v" "/var/lib/crater-agent-workspace/rustup-home:/opt/rustwide/rustup-home:ro,Z" "-e" "SOURCE_DIR=/opt/rustwide/workdir" "-e" "CARGO_TARGET_DIR=/opt/rustwide/target" "-e" "CARGO_INCREMENTAL=0" "-e" "RUST_BACKTRACE=full" "-e" "RUSTFLAGS=--cap-lints=forbid" "-e" "CARGO_HOME=/opt/rustwide/cargo-home" "-e" "RUSTUP_HOME=/opt/rustwide/rustup-home" "-w" "/opt/rustwide/workdir" "-m" "1610612736" "--user" "0:0" "--network" "none" "rustops/crates-build-env@sha256:a636fd89d022f18117e1dc8fb37a0a009933cdbbe082814857f0e2024962d47c" "/opt/rustwide/cargo-home/bin/cargo" "+cfbc6d4cf1acbac5c025acf8ed68929caa551df3" "check" "--frozen" "--all" "--all-targets" "--message-format=json", kill_on_drop: false }`
[INFO] [stdout] eba42cfa667ad4618f9165d30d60290647c639ae4237b7c9df907e9881f2d4ea
[INFO] [stderr] WARNING: Your kernel does not support swap limit capabilities or the cgroup is not mounted. Memory limited without swap.
[INFO] running `Command { std: "docker" "start" "-a" "eba42cfa667ad4618f9165d30d60290647c639ae4237b7c9df907e9881f2d4ea", kill_on_drop: false }`
[INFO] [stderr]    Compiling proc-macro2 v1.0.19
[INFO] [stderr]     Checking cfg-if v0.1.10
[INFO] [stderr]    Compiling unicode-xid v0.2.1
[INFO] [stderr]     Checking adler v0.2.3
[INFO] [stderr]     Checking gimli v0.22.0
[INFO] [stderr]     Checking object v0.20.0
[INFO] [stderr]    Compiling serde v1.0.115
[INFO] [stderr]     Checking rustc-demangle v0.1.16
[INFO] [stderr]    Compiling syn v1.0.39
[INFO] [stderr]     Checking bitflags v0.9.1
[INFO] [stderr]    Compiling serde_derive v1.0.115
[INFO] [stderr]     Checking xml-rs v0.4.1
[INFO] [stderr]     Checking log v0.4.11
[INFO] [stderr]     Checking xml-rs v0.6.1
[INFO] [stderr]     Checking miniz_oxide v0.4.0
[INFO] [stderr]     Checking log v0.3.9
[INFO] [stderr]     Checking xmltree v0.4.0
[INFO] [stderr]    Compiling quote v1.0.7
[INFO] [stderr]     Checking addr2line v0.13.0
[INFO] [stderr]     Checking backtrace v0.3.50
[INFO] [stderr]     Checking error-chain v0.10.0
[INFO] [stderr]     Checking serde-xml-rs2 v0.3.0 (/opt/rustwide/workdir)
[INFO] [stdout] warning: use of deprecated item 'std::error::Error::description': use the Display impl or to_string()
[INFO] [stdout]   --> src/error.rs:5:1
[INFO] [stdout]    |
[INFO] [stdout] 5  | / error_chain! {
[INFO] [stdout] 6  | |     types {
[INFO] [stdout] 7  | |         Error,
[INFO] [stdout] 8  | |         ErrorKind,
[INFO] [stdout] ...  |
[INFO] [stdout] 39 | |     }
[INFO] [stdout] 40 | | }
[INFO] [stdout]    | |_^
[INFO] [stdout]    |
[INFO] [stdout]    = note: `#[warn(deprecated)]` on by default
[INFO] [stdout]    = note: this warning originates in a macro (in Nightly builds, run with -Z macro-backtrace for more info)
[INFO] [stdout] 
[INFO] [stdout] 
[INFO] [stdout] warning: use of deprecated item 'std::error::Error::description': use the Display impl or to_string()
[INFO] [stdout]   --> src/error.rs:5:1
[INFO] [stdout]    |
[INFO] [stdout] 5  | / error_chain! {
[INFO] [stdout] 6  | |     types {
[INFO] [stdout] 7  | |         Error,
[INFO] [stdout] 8  | |         ErrorKind,
[INFO] [stdout] ...  |
[INFO] [stdout] 39 | |     }
[INFO] [stdout] 40 | | }
[INFO] [stdout]    | |_^
[INFO] [stdout]    |
[INFO] [stdout]    = note: this warning originates in a macro (in Nightly builds, run with -Z macro-backtrace for more info)
[INFO] [stdout] 
[INFO] [stdout] 
[INFO] [stdout] warning: use of deprecated item 'std::error::Error::cause': replaced by Error::source, which can support downcasting
[INFO] [stdout]   --> src/error.rs:5:1
[INFO] [stdout]    |
[INFO] [stdout] 5  | / error_chain! {
[INFO] [stdout] 6  | |     types {
[INFO] [stdout] 7  | |         Error,
[INFO] [stdout] 8  | |         ErrorKind,
[INFO] [stdout] ...  |
[INFO] [stdout] 39 | |     }
[INFO] [stdout] 40 | | }
[INFO] [stdout]    | |_^
[INFO] [stdout]    |
[INFO] [stdout]    = note: this warning originates in a macro (in Nightly builds, run with -Z macro-backtrace for more info)
[INFO] [stdout] 
[INFO] [stdout] 
[INFO] [stdout] warning: 3 warnings emitted
[INFO] [stdout] 
[INFO] [stdout] 
[INFO] [stdout] error[E0463]: can't find crate for `serde_xml_rs`
[INFO] [stdout]  --> tests/test.rs:5:1
[INFO] [stdout]   |
[INFO] [stdout] 5 | extern crate serde_xml_rs;
[INFO] [stdout]   | ^^^^^^^^^^^^^^^^^^^^^^^^^^ can't find crate
[INFO] [stdout] 
[INFO] [stdout] 
[INFO] [stdout] error[E0463]: can't find crate for `serde_xml_rs`
[INFO] [stdout]  --> tests/migrated.rs:7:1
[INFO] [stdout]   |
[INFO] [stdout] 7 | extern crate serde_xml_rs;
[INFO] [stdout]   | ^^^^^^^^^^^^^^^^^^^^^^^^^^ can't find crate
[INFO] [stdout] 
[INFO] [stdout] 
[INFO] [stdout] error[E0463]: can't find crate for `serde_xml_rs`
[INFO] [stdout]  --> tests/round_trip.rs:5:1
[INFO] [stdout]   |
[INFO] [stdout] 5 | extern crate serde_xml_rs;
[INFO] [stdout]   | ^^^^^^^^^^^^^^^^^^^^^^^^^^ can't find crate
[INFO] [stdout] 
[INFO] [stdout] 
[INFO] [stdout] error: aborting due to previous error
[INFO] [stdout] 
[INFO] [stdout] 
[INFO] [stdout] For more information about this error, try `rustc --explain E0463`.
[INFO] [stdout] 
[INFO] [stdout] error: aborting due to previous error
[INFO] [stdout] 
[INFO] [stdout] 
[INFO] [stdout] For more information about this error, try `rustc --explain E0463`.
[INFO] [stdout] 
[INFO] [stdout] error: aborting due to previous error
[INFO] [stdout] 
[INFO] [stdout] 
[INFO] [stdout] For more information about this error, try `rustc --explain E0463`.
[INFO] [stdout] 
[INFO] [stderr] error: could not compile `serde-xml-rs2`.
[INFO] [stderr] 
[INFO] [stderr] To learn more, run the command again with --verbose.
[INFO] [stderr] warning: build failed, waiting for other jobs to finish...
[INFO] [stdout] warning: unused `#[macro_use]` import
[INFO] [stdout]   --> src/lib.rs:46:1
[INFO] [stdout]    |
[INFO] [stdout] 46 | #[macro_use]
[INFO] [stdout]    | ^^^^^^^^^^^^
[INFO] [stdout]    |
[INFO] [stdout]    = note: `#[warn(unused_imports)]` on by default
[INFO] [stdout] 
[INFO] [stdout] 
[INFO] [stdout] warning: use of deprecated item 'std::error::Error::description': use the Display impl or to_string()
[INFO] [stdout]   --> src/error.rs:5:1
[INFO] [stdout]    |
[INFO] [stdout] 5  | / error_chain! {
[INFO] [stdout] 6  | |     types {
[INFO] [stdout] 7  | |         Error,
[INFO] [stdout] 8  | |         ErrorKind,
[INFO] [stdout] ...  |
[INFO] [stdout] 39 | |     }
[INFO] [stdout] 40 | | }
[INFO] [stdout]    | |_^
[INFO] [stdout]    |
[INFO] [stdout]    = note: `#[warn(deprecated)]` on by default
[INFO] [stdout]    = note: this warning originates in a macro (in Nightly builds, run with -Z macro-backtrace for more info)
[INFO] [stdout] 
[INFO] [stdout] 
[INFO] [stdout] warning: use of deprecated item 'std::error::Error::description': use the Display impl or to_string()
[INFO] [stdout]   --> src/error.rs:5:1
[INFO] [stdout]    |
[INFO] [stdout] 5  | / error_chain! {
[INFO] [stdout] 6  | |     types {
[INFO] [stdout] 7  | |         Error,
[INFO] [stdout] 8  | |         ErrorKind,
[INFO] [stdout] ...  |
[INFO] [stdout] 39 | |     }
[INFO] [stdout] 40 | | }
[INFO] [stdout]    | |_^
[INFO] [stdout]    |
[INFO] [stdout]    = note: this warning originates in a macro (in Nightly builds, run with -Z macro-backtrace for more info)
[INFO] [stdout] 
[INFO] [stdout] 
[INFO] [stdout] warning: use of deprecated item 'std::error::Error::cause': replaced by Error::source, which can support downcasting
[INFO] [stdout]   --> src/error.rs:5:1
[INFO] [stdout]    |
[INFO] [stdout] 5  | / error_chain! {
[INFO] [stdout] 6  | |     types {
[INFO] [stdout] 7  | |         Error,
[INFO] [stdout] 8  | |         ErrorKind,
[INFO] [stdout] ...  |
[INFO] [stdout] 39 | |     }
[INFO] [stdout] 40 | | }
[INFO] [stdout]    | |_^
[INFO] [stdout]    |
[INFO] [stdout]    = note: this warning originates in a macro (in Nightly builds, run with -Z macro-backtrace for more info)
[INFO] [stdout] 
[INFO] [stdout] 
[INFO] [stdout] warning: 4 warnings emitted
[INFO] [stdout] 
[INFO] [stdout] 
[INFO] [stderr] error: build failed
[INFO] running `Command { std: "docker" "inspect" "eba42cfa667ad4618f9165d30d60290647c639ae4237b7c9df907e9881f2d4ea", kill_on_drop: false }`
[INFO] running `Command { std: "docker" "rm" "-f" "eba42cfa667ad4618f9165d30d60290647c639ae4237b7c9df907e9881f2d4ea", kill_on_drop: false }`
[INFO] [stdout] eba42cfa667ad4618f9165d30d60290647c639ae4237b7c9df907e9881f2d4ea
